What is y(-13)?
65
Let d(y) = 13*y**3 - 398*y**2 + 1267*y + 34. What is d(27)?
-20
Let j(s) = s**3 - 332*s**2 - 1590*s + 82660. What is j(336)?
4
Let y(c) = -c**2 - 558*c + 24790. Give y(42).
-410
Let h(f) = -f**2 + 167*f + 4831. Give h(-24).
247
Let h(x) = 2*x**3 + 21*x**2 - 110*x - 1086. Give h(-11).
3
Let m(q) = -4*q**3 + q**2 - 37*q + 230. What is m(6)?
-820
Let v(t) = -207*t**2 - 19255*t - 367. Determine v(-93).
5
Let y(j) = 33*j - 781. Calculate y(18).
-187
Let o(g) = -g**3 + 15*g**2 + 702*g - 9880. Determine o(17).
1476
Let s(l) = 3*l**2 - 354*l - 6434. What is s(-16)?
-2
Let s(d) = d**3 + 10*d**2 - 50*d - 350. Calculate s(-9).
181
Let t(w) = 447*w + 41026. Give t(-93).
-545
Let v(t) = -7*t**3 + 1977*t**2 - 853*t + 1977. Give v(282).
3
Let c(y) = -955*y**2 - 42978*y - 138. Give c(-45).
-3
Let u(n) = n**2 - 553*n - 114079. Determine u(-160).
1
Let m(s) = 35*s**3 - 3*s**2 - 30*s + 26. Calculate m(5).
4176
Let c(b) = -3*b**2 - 141*b - 540. Give c(-4).
-24
Let s(q) = 136078*q + 952554. What is s(-7)?
8
Let j(d) = 10677*d - 330996. What is j(31)?
-9
Let d(t) = -154*t - 18809. Determine d(-122).
-21
Let r(p) = -13*p**2 - 4822*p - 14472. What is r(-3)?
-123
Let u(j) = 228*j + 30087. Calculate u(-132).
-9
Let m(a) = -a**2 - 1334*a + 745394. Calculate m(424).
2
Let f(t) = t**2 - 6124*t + 971627. Calculate f(163).
-16
Let r(i) = -i**2 - 366*i - 28216. Calculate r(-256).
-56
Let w(r) = 2439*r - 85394. Give w(35).
-29
Let u(g) = -291*g + 3239. Calculate u(11).
38
Let o(p) = -p**3 - 148*p**2 + 641*p + 2252. Give o(-152).
-2764
Let f(r) = -3091*r - 43565. What is f(-14)?
-291
Let a(y) = -3*y**2 + 413*y + 7568. Give a(157).
-1538
Let a(j) = -44*j**2 + 15383*j + 30746. What is a(-2)?
-196
Let y(r) = -2*r**3 + 219*r**2 + 52*r + 3760. Determine y(110).
-2620
Let s(p) = 3*p**3 + 3899*p**2 - 20827*p + 69172. Calculate s(-1305).
7
Let p(v) = -10*v**2 + 1307*v + 153. What is p(131)?
-240
Let j(p) = p**3 - 149*p**2 + 1077*p + 7188. Calculate j(141).
-3
Let c(o) = -68*o - 209. Calculate c(2).
-345
Let a(i) = -3838*i - 49973. Calculate a(-13).
-79
Let s(u) = 5*u**3 + 7*u**2 - 83*u - 39. What is s(-4)?
85
Let c(d) = -853*d + 29794. Determine c(35).
-61
Let q(r) = 5*r**2 - 2026*r + 47878. Calculate q(380).
-2
Let m(q) = 4866*q - 53538. Give m(11).
-12
Let n(z) = -6*z**3 + z**2 - 290*z - 290. Give n(-1).
7
Let j(s) = -s**3 - 11*s**2 + 326*s + 20. Determine j(-26).
1684
Let n(m) = 2541*m + 115522. Determine n(-45).
1177
Let q(p) = -15*p - 1424. What is q(-39)?
-839
Let r(j) = 2*j**2 + 2274*j - 11410. What is r(5)?
10
Let t(g) = 157*g - 6809. What is t(43)?
-58
Let h(c) = -2*c**3 - 227*c**2 + 105*c - 1141. Give h(-114).
-115
Let v(m) = -m**3 + 4*m**2 + 141*m + 668. What is v(-13)?
1708
Let d(b) = -272*b + 47537. Determine d(149).
7009
Let j(u) = 287*u - 66072. What is j(234)?
1086
Let i(b) = -2521999*b + 7566004. Determine i(3).
7
Let r(t) = -t**3 - 47*t**2 - 291*t - 4917. Give r(-43).
200
Let d(n) = -n**2 + 126265*n + 1010131. Calculate d(-8).
-53
Let s(q) = -41*q**2 - 3036*q - 12142. Determine s(-4).
-654
Let u(w) = -34*w**2 + 404*w + 344. Calculate u(12).
296
Let f(r) = r**2 + 38177*r + 76347. What is f(-2)?
-3
Let p(o) = -o**3 - 7*o**2 + 6*o + 64. Give p(-13).
1000
Let l(y) = 3*y**3 + 10*y**2 - 46*y - 86. Calculate l(-5).
19
Let n(c) = 64636*c + 258558. Calculate n(-4).
14
Let l(m) = 4*m**3 + 1683*m**2 - 2116*m - 2545. Give l(-422).
-13
Let l(d) = -d**3 + 17*d**2 - 372395*d + 6330723. Determine l(17).
8
Let h(s) = 333919*s + 16695954. Calculate h(-50).
4
Let u(m) = -1543*m - 233002. Give u(-151).
-9
Let s(a) = -4*a**3 + 325*a**2 - 75*a - 406. What is s(81)?
80
Let b(x) = x**3 + 3*x**2 + 125*x + 1690. Give b(-15).
-2885
Let i(n) = 30*n**3 - 5*n**2 + 309*n - 308. Calculate i(1).
26
Let a(v) = -v**3 + 22*v**2 - 7*v + 131. What is a(20)?
791
Let x(b) = -11*b**2 + 541*b - 5174. What is x(13)?
0
Let y(s) = 26436*s + 52823. Calculate y(-2).
-49
Let u(p) = 42*p + 4134. Determine u(-96).
102
Let w(p) = 391*p**2 - 1607*p - 5. Determine w(4).
-177
Let t(s) = -4*s**3 + 54*s**2 - 11*s - 160. Give t(12).
572
Let z(k) = -k**3 + 3*k**2 + 45*k - 303. Calculate z(-8).
41
Let u(v) = 167*v + 5242. Determine u(-6).
4240
Let d(p) = p**3 - 88*p**2 - 403*p + 321. Give d(-5).
11
Let w(k) = k**3 + 42*k**2 + 84*k + 238. Determine w(-40).
78
Let c(p) = -2*p**3 + 1064*p**2 - 4103*p - 63864. Calculate c(528).
24
Let z(l) = l**3 + 119*l**2 - 605*l + 1625. Determine z(-124).
-235
Let s(g) = -17256*g - 1035348. What is s(-60)?
12
Let z(c) = -22*c**3 - 190*c**2 - 144*c - 268. What is z(-8)?
-12
Let m(k) = -253316*k - 1773221. Give m(-7).
-9
Let d(b) = 40659*b + 1707639. Calculate d(-42).
-39
Let i(y) = 105475*y + 2214983. Determine i(-21).
8
Let s(d) = -2*d**3 + 30*d**2 - 62*d + 31. What is s(13)?
-99
Let f(a) = 161*a**2 - 2909*a + 71. What is f(18)?
-127
Let d(n) = 42750*n - 470359. Calculate d(11).
-109
Let z(s) = s**3 + 89*s**2 - 119*s + 23514. Calculate z(-93).
-15
Let w(x) = -x**3 + 48*x**2 + 7258*x - 10088. What is w(112)?
-8
Let b(a) = 3*a**2 + 61380*a + 613493. Calculate b(-10).
-7
Let k(m) = m**3 + 29*m**2 - 1143*m - 4. Give k(0).
-4
Let w(x) = 3*x**3 + 6*x**2 - 1613*x + 1609. Give w(1).
5
Let b(l) = -5*l**2 + 946*l + 4731. What is b(194)?
75
Let x(y) = -6822*y + 252435. What is x(37)?
21
Let i(p) = 68*p**2 + 13119*p - 966. What is i(-193)?
-1
Let h(i) = -21*i**2 + 71*i - 133. What is h(2)?
-75
Let f(p) = -p**3 - 75*p**2 + 203*p + 48. What is f(3)?
-45
Let k(x) = x**3 - 1586*x**2 + 7847*x + 91704. Determine k(1581).
6
Let d(s) = 339*s - 9153. Calculate d(27).
0
Let b(j) = 13*j**2 - 471*j - 3078. Determine b(-7).
856
Let a(f) = 74257*f + 222768. Calculate a(-3).
-3
Let b(l) = 12*l**2 + 2462*l + 2448. Calculate b(-1).
-2
Let f(p) = -512*p - 25663. Give f(-45).
-2623
Let w(v) = 42*v**3 - 21*v**2 + 21*v - 1. What is w(1)?
41
Let g(h) = -337028*h - 2022169. Give g(-6).
-1
Let q(w) = -11*w**3 - 172*w**2 + 34*w - 221. Determine q(-15).
-2306
Let l(i) = -193*i**3 + 768*i**2 - 20*i + 141. Give l(4).
-3
Let w(r) = 2*r**3 - 135*r**2 - 3193*r + 1059. Calculate w(86).
113
Let i(x) = 2*x**3 - 41*x**2 - 401*x + 7974. Calculate i(21).
-6
Let s(w) = 30*w**3 - 16*w**2 - 64*w - 25. Calculate s(-3).
-787
Let w(r) = 680*r**3 + r**2 + 4*r + 4. Give w(-1).
-679
Let a(u) = -18*u**3 + 2*u**2 - 82*u + 81. What is a(1)?
-17
Let j(x) = 160598*x + 481782. Calculate j(-3).
-12
Let q(n) = 13*n**3 - 20*n**2 + 6*n - 1. Give q(2).
35
Let j(s) = 4*s**3 - 34*s**2 - 47*s + 144. What is j(4)?
-332
Let y(o) = -5*o**3 + 61*o**2 - 66*o - 37. Give y(10).
403
Let a(z) = -2896*z - 301059. Calculate a(-104).
125
Let x(t) = 3*t**3 - 75*t**2 - 30*t + 741. Give x(25).
-9
Let u(a) = -7*a**3 + 362*a**2 - 256*a + 295. What is u(51)?
244
Let z(r) = -r**3 + 919*r**2 - 34320*r + 22. Determine z(39).
22
Let r(h) = -15*h**2 - 120002*h - 839291. Give r(-7).
-12
Let y(j) = -10*j**3 + 42*j**2 - 10*j + 26. Determine y(3).
104
Let t(h) = 10*h**3 + 24*h**2 + 65*h + 42. Give t(-1).
-9
Let b(q) = 626*q - 12330. What is b(20)?
190
Let h(p) = p**3 + 19*p**2 - 140*p + 132. Calculate h(5).
32
Let r(d) = -4963*d**2 - 64455*d + 831. Determine r(-13).
-1
Let r(y) = y**3 + 6*y**2 - 31*y + 65. Determine r(-10).
-25
Let z(y) = -273*y + 54618. What is z(202)?
-528
Let i(y) = -17*y**3 + 32557*y**2 - 3837*y + 13399. Calculate i(1915).
-6
Let p(y) = -2018*y - 8024. Determine p(-4).
48
Let n(p) = -1017211*p + 20. Calculate n(0).
20
Let c(o) = 15*o**2 - 196*o - 1857. Determine c(-11).
2114
Let f(x) = 20298*x + 121800. Calculate f(-6).
12
Let g(y) = 3*y**2 - 8592*y - 68651. What is g(-8)?
277
Let r(u) = 48*u**2 - 7729*u + 166. What is r(161)?
5
Let c(o) = 688*o - 12426. Calculate c(18).
-42
Let y(c) = -3*c**2 - 69*c - 82. Determine y(-13).
308
Let j(x) = 3*x**3 - 5*x**2 + 63*x - 271. What is j(7)?
954
Let x(l) = -2*l**2 - 114*l + 10433. Calculate x(49).
45
Let p(n) = n**2 + 25547*n - 229974. What is p(9)?
30
Let p(g) = -220*g - 2539. What is p(-11)?
-119
Let g(a) = 2*a**3 + 64*a**2 - 121*a - 106. Determine g(-34).
-616
Let t(y) = 3*y**3 + 246*y**2 - 18*y - 1614. Give t(-82).
-138
Let v(t) = 41*t + 7118. Give v(-171).
107
Let b(k) = k**2 - 32382*k + 1777910. Give b(55).
-75
Let s(o) = -2*o**3 + 44*o**2 - 1064*o + 21489. Give s(21).
27
Let d(b) = -b**3 - 79*b**2 